of v(f). What is o(2)?
-3
Suppose -3*x = -4*y - 14 - 26, 0 = -5*y - x - 31. Let r(n) = -2*n**2 - 13*n - 1. Determine r(y).
-8
Let c(l) = -2*l**3 - 6*l**2 - 2*l + 2. Let o be c(-3). Let j be -3 - (3 - (o + -2)). Let b(u) = j*u + u**2 - 2*u - 2*u**2 - 1. Calculate b(-1).
0
Let n(m) = -5*m**3 + 9*m**2 + 9*m - 33. Let g(k) = -k**3 + 2*k**2 + 2*k - 8. Let u(l) = 9*g(l) - 2*n(l). Let p be 0/2*4/8. What is u(p)?
-6
Let w(v) be the first derivative of v**2/2 - 2*v + 2. Suppose -11*x + 15*x = 52. Suppose -x*z = -14*z. Calculate w(z).
-2
Let l(z) = 2*z + 3. Let b(u) = -u**3 - 6*u**2 + 7*u + 5. Let w be b(-7). Suppose -w*k = 11 + 4. Calculate l(k).
-3
Let t be -58*(28/8 + -4). Let v(k) = -18 - 5*k + t + 4*k + 2*k. Determine v(0).
11
Let v be -1 + -1 + 1 + 6. Suppose v*g = 1 + 9. Let n(x) be the first derivative of -x**4/4 + 2*x**3/3 + x - 1045. What is n(g)?
1
Let r(u) = 15*u - 7*u - 28 + 20 - 45. Let o be r(6). Let l(k) = k**3 + 7*k**2 + 6*k - 1. What is l(o)?
19
Let m(l) = -57*l + 337. Let r be m(6). Let h(g) be the first derivative of g**4/4 + 2*g**3 + 5*g**2/2 + 2*g + 1. Give h(r).
2
Let n(x) = -2*x**2 - 31*x - 112. Let w be n(-10). Let g(q) = 5*q + 5. What is g(w)?
-5
Let n(h) = 10*h**2 - h**3 + 3*h**3 - 13*h**2 + 4*h**3 - 3 - 5*h**3. Calculate n(3).
-3
Let v(u) = 5 - 2 + 0 + u. Suppose -4*c - 4*a = 20, 3*c - 28*a = -26*a. Calculate v(c).
1
Let y be 6/(-4) - (-98)/(-196). Let r(k) be the second derivative of -2*k + k**2 + 0 + 2/3*k**3. Determine r(y).
-6
Suppose t + 2 = z - 0*t, -5*z = 4*t + 26. Let q(k) = k + k + 7*k - 3*k**2 + 1 - 6*k - k**3 - 4*k. Calculate q(z).
-1
Let t be ((-2)/(-4))/((-1)/2). Let k(y) = -y**3 - 2*y**2 + 7*y + 6. Let d be k(-4). Let g(s) = 9*s - d*s + 8*s + 2 - 3. Determine g(t).
-8
Let p(r) = r**3 + 4*r**2 - 3*r + 6. Let k = 362 - 367. Determine p(k).
-4
Suppose 0 = -2*c + x + 7 + 4, 4*c + x = 25. Let n(p) = -2*p**2 + 6*p + 2. Give n(c).
-34
Let o(d) = d + 30. Suppose -33*w = -10*w + 529. Calculate o(w).
7
Suppose 2*b - 5*b = 3. Let f(v) be the third derivative of -14*v**2 + 0*v + 1/6*v**3 - 1/12*v**4 + 0. Determine f(b).
3
Let k(i) = -i + 2. Let s(x) = 2. Let v(z) = 3*k(z) - 2*s(z). Let p(f) = f**3 - 14*f**2 + 35*f - 19. Let a be p(11). Calculate v(a).
-7
Let l(y) = 42. Let r(v) = -2*v + 40. Let u(w) = 4*l(w) - 3*r(w). Calculate u(-7).
6
Let a(s) = -2*s - 2. Let n = -239 - -242. Give a(n).
-8
Suppose -68 = -4*d - 52. Let i(b) = -2 + d*b - 2 + 7. Calculate i(3).
15
Let z(l) = -4*l**2 - 4*l + 3. Let r(o) be the first derivative of -o**2/2 + o + 5. Let j(n) = 6*r(n) - z(n). Determine j(2).
15
Let j(y) be the first derivative of y**2/2 - 4*y - 100. Calculate j(-5).
-9
Let q = 4 - 3. Suppose 0 = -3*u + 5*p - 10, 5*u + 4*p = -30 + q. Let v(a) = 2*a + 3. What is v(u)?
-7
Let f(x) = 12*x - 478 - x**2 - 4*x + 470. Let z be (-58)/(-8) + (-2)/8. Give f(z).
-1
Let x(j) = -j**3 - 9*j**2 - j + 11. Let g be 315/(-42) - 3/2. What is x(g)?
20
Let d(w) be the second derivative of w**6/180 - w**5/60 + w**4/24 + 5*w**3/6 - 23*w. Let s(j) be the second derivative of d(j). Let t = 0 + 1. What is s(t)?
1
Let d(v) be the third derivative of -v**6/120 - v**5/12 + v**3 - 2*v**2. Let s be (2 + 1)*8/12. Suppose s*y + 3*y + 25 = 0. Calculate d(y).
6
Let a = 48 + -45. Let m(w) = -11*w**a + w**2 + 6*w + 2 - 2*w - 2*w - 1. Give m(-1).
11
Let u(s) be the first derivative of -s**6/40 - s**5/60 + s**4/24 + s**2 + 1. Let w(r) be the second derivative of u(r). Let n = -8 + 9. What is w(n)?
-3
Let z(b) be the second derivative of -b**4/12 - b**3/3 - b**2 - b - 57. Calculate z(-3).
-5
Let s be -3*1 - (-8 - -5). Suppose s = -5*f - 3*h - 5, 2*f + 3*h - 1 = -12. Let u(a) = -10*a + 2. Calculate u(f).
-18
Suppose 5*m - 9 = -d + 3*m, 4*d - 4*m = 24. Let b(i) = i**3 - 8*i**2 + 9*i + 1. Determine b(d).
15
Let m(l) = 48 + l**3 - 99 + 0*l + 49 + 3*l - 4*l**2. Suppose 3*x - 3*g = 27, 1 = x + g + 2. What is m(x)?
10
Let j(l) = -11*l**2 + 5*l - 7. Let g(r) = 5*r**2 - 2*r + 3. Let p(b) = 5*g(b) + 2*j(b). Let s = -129 + 131. Give p(s).
13
Let h(x) = -23*x**2 - x. Suppose -11*j - 1 - 10 = 0. Determine h(j).
-22
Let b(w) = -16*w + 3*w**2 + 22 + 0*w**2 - 2*w**2 + 2*w. Determine b(12).
-2
Let o(d) = 2*d - 3*d - 5*d**2 - 1 + 8*d**2 + 4*d**2 - 4*d**2. Suppose -4*n - 2*j - 7 - 3 = 0, -3*j - 1 = -n. Determine o(n).
13
Suppose 5*r + 5 = -35. Let w be (-3 + r/(-2))*0. Suppose 3*q + 5*v + 20 = 0, w*q - 4*q = 2*v + 22. Let o(n) = 3*n + 3. What is o(q)?
-12
Let j(k) = -k**2 - 5*k - 7. Let g be j(-4). Let n(f) be the first derivative of -f**3/3 - 2*f**2 - 2*f - 7. What is n(g)?
1
Let c(l) = 0 - 3 - 2 + 5 + 4*l + 3. Let s(b) = -b - 8. Let g be s(-4). What is c(g)?
-13
Suppose -2*n + 22 = 5*m, -3*m = -0*m - 4*n - 8. Let b(c) be the first derivative of -1/4*c**m - 2/3*c**3 + 9 - c + 2*c**2. Calculate b(-3).
-4
Suppose -3*b = 3*i + 5 - 35, 3*i + 6 = 3*b. Let a(n) = n - 9. Give a(b).
-3
Suppose -2*g = -4*i + 40, i = -4*g - 13 + 32. Suppose 2*p = i - 3. Let z(k) = -k**3 + 5*k**2 - 3*k - 5. Determine z(p).
-1
Let i be 1*2 - (-12)/4. Let f(c) = -1 + i*c**3 + 3*c**3 + 2*c + 0*c. Suppose -8*k = 4*o - 6*k, 4*o = k + 6. Calculate f(o).
9
Let h(c) = -c**2 - 3*c - 1. Let p = -11 - -12. Suppose 2*f = -5 - p. What is h(f)?
-1
Suppose -3*c + 1180 = -4*j, -c - 197 = -4*j - 593. Let o(p) = -c*p**2 + 387*p**2 - 5*p + 4 + p**3 - 5. Determine o(6).
5
Let o(b) = 2*b - 4. Suppose -7*v = -298 - 206. Let k = -69 + v. What is o(k)?
2
Let m(x) = x**2 + 12*x + 10. Let s be ((-38)/(-76))/((-1)/22). Determine m(s).
-1
Let t(a) = -3 + 8*a**2 - 29*a**2 + 23*a**2 - 4*a + a**3. Determine t(-3).
0
Let b(a) = a**2 - 7*a - 2. Let d = 20 + -17. Suppose d*w - p = -0*p + 18, -w + 4*p = 5. Calculate b(w).
-2
Let c(l) = -21*l**2 + 10*l**2 + 10*l**2 + 7 + 3*l. Give c(5).
-3
Let u(c) = 9 + 3*c - 207*c**3 + c**2 - 6*c**2 + 0*c**2 + 206*c**3 - 2*c. Determine u(-4).
-11
Let x(a) = a**2 - 11*a + 12. Suppose d - 4 = -4*t, -5*t = -2*d - 9 + 4. Suppose v + 2*j + t = 2, 2*v + 5*j = -2. Determine x(v).
-6
Let r = 832 + -830. Let b(t) = 3*t**3 - 5*t**2 + 2*t - 1. Give b(r).
7
Let u be 4 + (2 - (-12)/(-3)) - -7. Let s(j) = -2*j + 8. Calculate s(u).
-10
Let p(s) be the second derivative of -s - s**2 - 2/3*s**3 + 0. Suppose 6*d + 2 = 5*d. What is p(d)?
6
Let y(j) be the third derivative of 1/8*j**4 + 0*j - 13*j**2 + 1/2*j**3 + 0. Determine y(-3).
-6
Let f(m) be the second derivative of -m**3/2 + 3*m**2 - 15*m. What is f(-5)?
21
Suppose -11*r + 5*r = -54. Let k(w) = 14 - 3*w + w - r. What is k(4)?
-3
Let v be 780/108 + 4/(-18). Let q(t) = -5*t**3 + 4*t**2 - 12*t + 2. Let o(c) = -9*c**3 + 9*c**2 - 23*c + 3. Let b(x) = -4*o(x) + 7*q(x). Give b(v).
9
Let u = -2402 + 2393. Let b(s) = 9*s - 1. Give b(u).
-82
Let h(o) = 3*o**3 - o. Let d(v) = -3*v + 34. Suppose -8*w = -58 - 30. Let t be d(w). What is h(t)?
2
Suppose -5*o = 3*r + 7 + 5, 5*o + 20 = 5*r. Let y(t) be the third derivative of -t**6/30 - t**5/30 + t**4/24 - 2*t**2 - 15. Give y(r).
-5
Let j(f) = 9*f**2 + 26*f + 6 - 24*f - 8*f**2. Determine j(-6).
30
Let n = -34 - -36. Let a(k) = -5*k + 10*k**2 - 8*k**n - k**2 - 1 - 2. Determine a(4).
-7
Let n(u) = -1 - 4 + 2 + 2. Let f(q) = 2*q + 1. Let o(b) = f(b) - 4*n(b). Calculate o(-4).
-3
Let y(b) be the first derivative of -3*b**2 - 21 + 1/3*b**3 - 7*b. Calculate y(5).
-12
Let f(z) = -2*z - 4. Let w(h) = -2*h**3 - h**2 + h - 9. Let u be w(-3). Let v = u + -27. Calculate f(v).
-16
Suppose -4*b + 8 = -2*j - 2*j, j - 34 = -5*b. Let c be (-8)/20 - -4 - 2/(-5). Let x(w) = -c + 230*w**2 + 3*w - 231*w**2 + 3*w. Determine x(b).
-4
Let x(p) be the third derivative of p**4/4 - p**3/6 + p**2. Let i(j) = 5*j. Let u(o) = 5*i(o) - 4*x(o). Let y(v) = v**2 + 17*v + 33. Let w be y(-15). Give u(w).
7
Suppose -14 = 2*l + n, 5*l + 28 = 4*n + 6. Let c(s) = -3*s**2 + 1 - 7*s - 3 + 2*s**2. Calculate c(l).
4
Let i(a) = -a**2 - 2*a. Let u be ((-8)/(-12))/(8/36). Suppose 0 = -4*n + u*z - 82, 2*z = -5*n - 50 - 41. Let r = n - -15. Determine i(r).
-8
Let w(v) = -10*v**2 - v + 1. Suppose 0 = 4*z - 2*r - 6, 2*r = -2*z + r + 1. Determine w(z).
-10
Let z(y) be the second derivative of y**4/12 - y**3/2 - y**2 - 49*y + 2. What is z(3)?
-2
Let s(q) = -2*q**2 - 4*q + 20. Let m(j) = 5*j**2 + 9*j - 39. Let w(y) = -3*m(y) - 7*s(y). Let z(o) be the first derivative of w(o). Let l = 8 + -6. 